{"id":57,"date":"2020-07-13T13:10:19","date_gmt":"2020-07-13T10:10:19","guid":{"rendered":"http:\/\/ilkokuma.atauni.edu.tr\/?page_id=57"},"modified":"2024-09-04T10:34:06","modified_gmt":"2024-09-04T07:34:06","slug":"veri-toplama-sureci","status":"publish","type":"page","link":"https:\/\/ilkokuma.atauni.edu.tr\/index.php\/veri-toplama-sureci\/","title":{"rendered":"Ara\u015ft\u0131rma S\u00fcreci"},"content":{"rendered":"\t\t<div data-elementor-type=\"wp-page\" data-elementor-id=\"57\" class=\"elementor elementor-57\">\n\t\t\t\t\t\t<div class=\"elementor-inner\">\n\t\t\t\t<div class=\"elementor-section-wrap\">\n\t\t\t\t\t\t\t\t\t<section class=\"elementor-section elementor-top-section elementor-element elementor-element-208297a elementor-section-boxed elementor-section-height-default elementor-section-height-default\" data-id=\"208297a\" data-element_type=\"section\">\n\t\t\t\t\t\t<div class=\"elementor-container elementor-column-gap-default\">\n\t\t\t\t\t\t\t<div class=\"elementor-row\">\n\t\t\t\t\t<div class=\"elementor-column elementor-col-100 elementor-top-column elementor-element elementor-element-585feb0\" data-id=\"585feb0\" data-element_type=\"column\">\n\t\t\t<div class=\"elementor-column-wrap elementor-element-populated\">\n\t\t\t\t\t\t\t<div class=\"elementor-widget-wrap\">\n\t\t\t\t\t\t<div class=\"elementor-element elementor-element-ca13a30 elementor-widget elementor-widget-image\" data-id=\"ca13a30\" data-element_type=\"widget\" data-widget_type=\"image.default\">\n\t\t\t\t<div class=\"elementor-widget-container\">\n\t\t\t\t\t\t\t\t<div class=\"elementor-image\">\n\t\t\t\t\t\t\t\t\t\t\t\t<img loading=\"lazy\" decoding=\"async\" width=\"640\" height=\"479\" src=\"https:\/\/ilkokuma.atauni.edu.tr\/wp-content\/uploads\/2024\/09\/ProjeSureci14-August.jpg\" class=\"attachment-large size-large\" alt=\"\" srcset=\"https:\/\/ilkokuma.atauni.edu.tr\/wp-content\/uploads\/2024\/09\/ProjeSureci14-August.jpg 1000w, https:\/\/ilkokuma.atauni.edu.tr\/wp-content\/uploads\/2024\/09\/ProjeSureci14-August-300x225.jpg 300w, https:\/\/ilkokuma.atauni.edu.tr\/wp-content\/uploads\/2024\/09\/ProjeSureci14-August-768x575.jpg 768w, https:\/\/ilkokuma.atauni.edu.tr\/wp-content\/uploads\/2024\/09\/ProjeSureci14-August-600x450.jpg 600w\" sizes=\"auto, (max-width: 640px) 100vw, 640px\" \/>\t\t\t\t\t\t\t\t\t\t\t\t\t\t<\/div>\n\t\t\t\t\t\t<\/div>\n\t\t\t\t<\/div>\n\t\t\t\t\t\t<\/div>\n\t\t\t\t\t<\/div>\n\t\t<\/div>\n\t\t\t\t\t\t\t\t<\/div>\n\t\t\t\t\t<\/div>\n\t\t<\/section>\n\t\t\t\t\t\t\t\t\t<\/div>\n\t\t\t<\/div>\n\t\t\t\t\t<\/div>\n\t\t","protected":false},"excerpt":{"rendered":"","protected":false},"author":1,"featured_media":0,"parent":0,"menu_order":0,"comment_status":"closed","ping_status":"closed","template":"","meta":{"footnotes":""},"class_list":["post-57","page","type-page","status-publish","hentry"],"_links":{"self":[{"href":"https:\/\/ilkokuma.atauni.edu.tr\/index.php\/wp-json\/wp\/v2\/pages\/57","targetHints":{"allow":["GET"]}}],"collection":[{"href":"https:\/\/ilkokuma.atauni.edu.tr\/index.php\/wp-json\/wp\/v2\/pages"}],"about":[{"href":"https:\/\/ilkokuma.atauni.edu.tr\/index.php\/wp-json\/wp\/v2\/types\/page"}],"author":[{"embeddable":true,"href":"https:\/\/ilkokuma.atauni.edu.tr\/index.php\/wp-json\/wp\/v2\/users\/1"}],"replies":[{"embeddable":true,"href":"https:\/\/ilkokuma.atauni.edu.tr\/index.php\/wp-json\/wp\/v2\/comments?post=57"}],"version-history":[{"count":7,"href":"https:\/\/ilkokuma.atauni.edu.tr\/index.php\/wp-json\/wp\/v2\/pages\/57\/revisions"}],"predecessor-version":[{"id":4338,"href":"https:\/\/ilkokuma.atauni.edu.tr\/index.php\/wp-json\/wp\/v2\/pages\/57\/revisions\/4338"}],"wp:attachment":[{"href":"https:\/\/ilkokuma.atauni.edu.tr\/index.php\/wp-json\/wp\/v2\/media?parent=57"}],"curies":[{"name":"wp","href":"https:\/\/api.w.org\/{rel}","templated":true}]}}